 the greatest common divisor of 22720 and 7384?
568
Calculate the greatest common factor of 252 and 4396.
28
Calculate the greatest common divisor of 14362 and 3526.
86
Calculate the highest common factor of 702 and 816.
6
Calculate the greatest common factor of 2440 and 74420.
1220
What is the highest common divisor of 792363 and 7293?
429
Calculate the highest common factor of 182 and 232453.
13
Calculate the greatest common divisor of 450 and 58350.
150
What is the highest common factor of 6758883 and 81?
81
Calculate the highest common divisor of 374158 and 522.
58
Calculate the greatest common factor of 550498 and 2732.
1366
What is the highest common divisor of 88 and 296252?
44
What is the greatest common divisor of 111 and 11581?
37
What is the greatest common divisor of 1650 and 219900?
150
Calculate the highest common divisor of 254 and 41529.
127
What is the highest common factor of 14 and 100954?
14
What is the highest common divisor of 495 and 1941885?
495
Calculate the greatest common factor of 431 and 8854033.
431
Calculate the highest common factor of 199 and 121987.
199
Calculate the highest common divisor of 7000 and 51625.
875
Calculate the highest common divisor of 89250 and 3808.
238
Calculate the greatest common factor of 8398 and 266.
38
What is the highest common factor of 145281 and 15?
3
What is the greatest common divisor of 5220 and 11948?
116
What is the greatest common divisor of 246 and 177243?
123
Calculate the highest common divisor of 3280 and 2360.
40
Calculate the highest common factor of 13360 and 19706.
334
What is the highest common divisor of 1040402 and 66?
22
What is the highest common factor of 130 and 2690?
10
Calculate the greatest common factor of 1349 and 513.
19
Calculate the greatest common divisor of 39437 and 452.
113
What is the greatest common factor of 20349 and 133875?
1071
Calculate the highest common divisor of 81099 and 486.
9
What is the greatest common factor of 3483 and 354861?
81
Calculate the greatest common factor of 2276359 and 73.
73
What is the greatest common divisor of 46 and 154445?
23
What is the greatest common factor of 56 and 521164?
28
Calculate the highest common divisor of 167 and 117067.
167
Calculate the greatest common divisor of 85230 and 315.
45
Calculate the greatest common divisor of 1626 and 6.
6
What is the greatest common factor of 312 and 848328?
312
Calculate the highest common divisor of 6808 and 1184.
296
Calculate the greatest common factor of 17810 and 5617.
137
What is the highest common factor of 908021 and 124?
31
Calculate the highest common divisor of 2322 and 2109537.
1161
What is the greatest common divisor of 409024 and 5376?
448
Calculate the greatest common divisor of 1280 and 1570.
10
Calculate the highest common factor of 18135 and 35685.
585
Calculate the greatest common divisor of 2268 and 140.
28
What is the highest common factor of 192 and 63552?
192
Calculate the highest common factor of 6633 and 2948.
737
Calculate the highest common divisor of 14806 and 176.
22
Calculate the greatest common divisor of 2651 and 239313.
241
What is the highest common divisor of 91425 and 828?
69
What is the greatest common divisor of 5103 and 2862054?
729
What is the highest common factor of 3639 and 394225?
1213
What is the highest common divisor of 768 and 21408?
96
Calculate the highest common divisor of 752 and 19364.
188
Calculate the highest common factor of 114267 and 615.
123
What is the highest common factor of 567 and 779625?
567
Calculate the greatest common factor of 364 and 25207.
91
What is the highest common divisor of 112 and 389403?
7
Calculate the highest common factor of 352906 and 1004.
502
What is the greatest common divisor of 78880 and 20?
20
What is the greatest common divisor of 4347 and 299?
23
What is the highest common divisor of 548 and 349898?
274
What is the greatest common divisor of 65940 and 1008?
84
Calculate the greatest common divisor of 3003 and 13629.
231
What is the highest common factor of 529 and 1?
1
Calculate the greatest common factor of 2233 and 58.
29
What is the highest common divisor of 168700 and 3535?
35
What is the highest common factor of 472 and 10?
2
Calculate the highest common factor of 96 and 363.
3
Calculate the greatest common factor of 35924 and 4564.
28
Calculate the highest common factor of 9483 and 981.
327
Calculate the greatest common factor of 423 and 142551.
423
What is the highest common divisor of 9856 and 728?
56
What is the highest common factor of 351 and 133407?
27
What is the greatest common divisor of 210 and 22365?
105
What is the highest common divisor of 90119 and 794?
397
Calculate the greatest common divisor of 35925 and 45.
15
Calculate the greatest common divisor of 50 and 3206400.
50
What is the highest common factor of 187410 and 30?
30
What is the highest common factor of 13 and 152334?
13
What is the greatest common divisor of 117088 and 128?
32
Calculate the greatest common factor of 205 and 12013.
41
Calculate the greatest common divisor of 20 and 104320.
20
Calculate the greatest common divisor of 33984 and 9144.
72
What is the greatest common divisor of 72 and 22284?
36
What is the greatest common divisor of 6480 and 4896?
144
Calculate the greatest common factor of 10915 and 119140.
185
What is the greatest common divisor of 272 and 14705?
17
Calculate the highest common divisor of 704 and 1472.
64
Calculate the greatest common divisor of 25 and 713995.
5
What is the greatest common divisor of 2059 and 8295711?
2059
What is the greatest common divisor of 438622 and 2?
2
What is the greatest common divisor of 1842 and 678?
6
Calculate the highest common divisor of 165592 and 112.
56
Calculate the highest common divisor of 51 and 4505.
17
Calculate the highest common factor of 486 and 5364.
18
What is the highest common factor of 138704 and 224?
16
Calculate the greatest common factor of 32 and 4336.
16
What is the greatest common factor of 91190 and 3410?
110
Calculate the greatest common divisor of 56922 and 162174.
1074
Calculate the highest common divisor of 58 and 1363609.
29
What is the greatest common divisor of 10414 and 12833?
41
Calculate the greatest common factor of 2085069 and 84.
21
Calculate the greatest common divisor of 385 and 7931.
77
What is the highest common factor of 1350 and 20050?
50
Calculate the highest common divisor of 314742 and 18.
6
What is the highest common divisor of 48 and 733648?
16
Calculate the highest common factor of 43 and 410521.
43
What is the greatest common divisor of 65622 and 6?
6
Calculate the highest common factor of 76 and 32642.
38
What is the highest common divisor of 4816 and 8176?
112
What is the greatest common factor of 132 and 615186?
66
What is the greatest common divisor of 628 and 3849640?
628
Calculate the highest common divisor of 4770 and 4410.
90
Calculate the greatest common divisor of 342622 and 28.
14
What is the highest common divisor of 70 and 250670?
70
Calculate the greatest common divisor of 3445 and 9425.
65
Calculate the greatest common factor of 5084 and 2232.
124
Calculate the highest common factor of 632 and 389628.
316
What is the highest common factor of 29032 and 9082?
38
Calculate the highest common factor of 87714 and 36.
18
What is the highest common divisor of 9763 and 39?
13
What is the highest common divisor of 1 and 408469?
1
What is the greatest common divisor of 36189 and 153?
9
What is the highest common factor of 17296 and 2944?
368
What is the greatest common factor of 34047 and 189?
27
What is the highest common factor of 39 and 404300?
13
What is the greatest common divisor of 162 and 7164?
18
Calculate the greatest common factor of 17744 and 48.
16
Calculate the greatest common divisor of 2880 and 117540.
180
What is the greatest common factor of 1197 and 198618?
21
Calculate the greatest common factor of 17339 and 2821303.
2477
Calculate the greatest common factor of 83603 and 767.
767
What is the highest common divisor of 2109 and 2479?
37
Calculate the greatest common divisor of 30666 and 304.
38
What is the greatest common divisor of 40416 and 28?
4
Calculate the highest common factor of 360018 and 236.
118
What is the highest common divisor of 408291 and 8151?